+ 147*q - 673. Calculate r(31).
40
Let h(m) = 47*m - 182. What is h(4)?
6
Let i(f) = 3500*f + 7004. Calculate i(-2).
4
Let h(s) = -137*s**2 + 829*s - 11. What is h(6)?
31
Let l(h) = 2*h**3 - 8*h**2 + 2*h + 1. Give l(4).
9
Let f(z) = -z**3 + 37*z**2 + 88*z - 384. Determine f(39).
6
Let u(o) = o - 1. Give u(29).
28
Let b(z) = 87*z - 85. Determine b(1).
2
Let j(x) = -138*x - 689. Determine j(-5).
1
Let n(z) = -1032*z - 7220. Calculate n(-7).
4
Let v(x) = -x**3 - x**2 - 16*x - 43. Calculate v(-4).
69
Let j(a) = -a**3 - 7*a**2 + 204*a + 1556. What is j(-8)?
-12
Let k(w) = -w**2 - 568*w - 1696. Calculate k(-3).
-1
Let r(x) = -x**2 - 4*x + 91. What is r(8)?
-5
Let h(y) = -32*y - 107. Calculate h(-5).
53
Let g(p) = p**2 - 108*p + 209. What is g(2)?
-3
Let f(r) = -r**3 + 30*r**2 - 91*r + 51. What is f(25)?
901
Let z(u) = 3*u**2 - 210*u + 2903. Calculate z(51).
-4
Let c(h) = -h**3 + 3*h**2 - 6*h + 191. Give c(12).
-1177
Let t(s) = 148*s**2 + 4*s + 3. Determine t(-1).
147
Let h(b) = -4*b**3 + 14*b - 6. What is h(3)?
-72
Let n(h) = -h**2 - 1129*h - 8959. What is n(-8)?
9
Let j(z) = z**3 - 10*z**2 - 11*z + 62. What is j(7)?
-162
Let b(p) = p**2 - 71*p + 36. Calculate b(0).
36
Let p(c) = 2*c**3 - 17*c**2 - 6*c + 22. What is p(9)?
49
Let c(t) = -t**2 - 1190*t + 31624. Give c(26).
8
Let m(t) = -t**3 + 5*t**2 + 75*t - 39. Give m(9).
312
Let d(v) = 10*v**3 + 64*v**2 + 6*v - 17. Determine d(-6).
91
Let y(g) = g**2 + 41*g + 96. Give y(-41).
96
Let c(y) = -y**3 + 8*y**2 - 4*y - 44. What is c(6)?
4
Let r(k) = -k**2 - 18*k + 968. Calculate r(24).
-40
Let y(b) = -12*b - 753. What is y(-68)?
63
Let q(u) = -u**3 + 6*u**2 + 34*u - 18. What is q(-5)?
87
Let a(l) = -l**3 + 69*l**2 + 240*l - 6963. Calculate a(71).
-5
Let p(i) = -i**2 + 145*i + 595. Calculate p(-4).
-1
Let c(q) = 156*q + 486. Determine c(-9).
-918
Let f(g) = -1590*g + 6438. Give f(4).
78
Let y(u) = u**3 - 52*u**2 - 3816*u + 274. Determine y(93).
-5
Let m(o) = 19*o - 365. Calculate m(28).
167
Let a(u) = -25*u - 258. Give a(22).
-808
Let u(k) = k**2 - 10*k - 108. What is u(-7)?
11
Let l(x) = x**3 - 13*x**2 - 6*x - 70. Determine l(14).
42
Let a(x) = 29*x + 223. What is a(-6)?
49
Let d(o) = 115*o**3 - 2*o**2 - 2. Calculate d(-1).
-119
Let i(o) = 292*o + 1868. Calculate i(-9).
-760
Let f(p) = -2*p**2 - 343*p - 4832. Determine f(-156).
4
Let o(s) = 8*s**2 + 230*s - 70. Give o(-29).
-12
Let i(m) = 11*m**2 - 88*m + 78. Determine i(6).
-54
Let y(g) = -13*g - 55. Calculate y(-4).
-3
Let l(f) = f**3 + 7*f**2 + 33*f + 137. What is l(-5)?
22
Let s(k) = 2*k**3 + 9*k**2 - 39*k - 5. What is s(4)?
111
Let x(v) = -v**2 - 40*v + 2463. What is x(34)?
-53
Let r(m) = -m**2 - 23*m + 103. Calculate r(-27).
-5
Let y(h) = 10*h**2 - 16*h - 8. Calculate y(0).
-8
Let x(z) = -151*z + 3226. Determine x(21).
55
Let p(d) = d**2 + 31*d - 50. Determine p(-32).
-18
Let f(c) = -240*c + 6604. Calculate f(28).
-116
Let i(u) = 9*u + 447. Determine i(-49).
6
Let c(x) = x**3 + 7*x**2 + 5*x - 2. Calculate c(3).
103
Let c(t) = -32*t + 4. Calculate c(-1).
36
Let g(z) = z**3 + 6*z**2 + 17*z - 1. Determine g(-8).
-265
Let d(b) = -b**2 - 35*b + 291. What is d(7)?
-3
Let t(b) = -206*b - 2. What is t(2)?
-414
Let u(k) = -k**3 - 12*k**2 + 26*k + 169. Calculate u(-7).
-258
Let n(m) = -21*m**2 - 53*m - 29. Calculate n(-2).
-7
Let z(j) = -j**3 + 53*j**2 + 7*j - 356. Calculate z(53).
15
Let s(c) = 8*c**3 - 4*c - 7. Give s(3).
197
Let y(w) = 644*w - 1258. Calculate y(2).
30
Let d(k) = 7*k**2 + 72*k - 229. Determine d(3).
50
Let s(t) = 393*t + 3567. Calculate s(-9).
30
Let g(l) = -2*l**3 + 11*l**2 + 132*l - 765. What is g(7)?
12
Let s(u) = u**3 + 14*u**2 + 67*u + 137. Determine s(-6).
23
Let z(s) = -23*s - 149. Calculate z(-13).
150
Let z(y) = -y**3 - 70*y**2 - 141*y - 330. Calculate z(-68).
10
Let s(h) = 6*h - 101. Determine s(25).
49
Let o(b) = 14*b + 542. What is o(-24)?
206
Let a(w) = 13*w**3 + 52*w**2 + 5*w + 10. Calculate a(-4).
-10
Let u(r) = 16*r**2 + 52*r + 3. Calculate u(-3).
-9
Let a(c) = -60*c - 310. Calculate a(-10).
290
Let y(b) = -2*b**2 + 14*b + 134. Determine y(15).
-106
Let u(c) = 4*c**2 - 11*c - 23. Calculate u(10).
267
Let v(t) = -2*t**3 - 35*t**2 - 60*t + 222. What is v(-15)?
-3
Let n(f) = f**3 + 23*f**2 + 49*f + 2469. Determine n(-25).
-6
Let y(l) = -2*l**2 + 48*l - 14. Calculate y(20).
146
Let a(k) = 3*k**3 + 14*k**2 + 48*k + 112. Determine a(-8).
-912
Let i(w) = w**2 + 83*w - 3221. What is i(29)?
27
Let v(r) = 4*r**2 - 72*r + 145. Calculate v(2).
17
Let a(u) = -9*u**2 - 5. Give a(2).
-41
Let p(u) = -2*u**2 + 118*u + 153. What is p(60)?
33
Let c(k) = -97*k + 835. Determine c(5).
350
Let x(u) = -3*u**3 + 22*u**2 - 18*u + 88. Determine x(7).
11
Let b(h) = h**2 + 65*h + 772. What is b(-16)?
-12
Let a(r) = r**3 + 69*r**2 - r + 264. Calculate a(0).
264
Let s(z) = -z**2 + 21*z - 65. Calculate s(10).
45
Let m(u) = -u**3 + 11*u**2 - 31*u + 48. Give m(8).
-8
Let z(w) = -w**2 - 4*w + 556. Determine z(-30).
-224
Let n(l) = 2*l**3 - 16*l**2 - 86*l - 121. What is n(12)?
-1
Let h(c) = c**3 + 107*c**2 - 922*c - 5. Give h(8).
-21
Let c(p) = -p**2 - 57*p - 492. Determine c(-54).
-330
Let k(b) = -b**2 - 83*b - 519. What is k(-7)?
13
Let j(x) = -150*x + 27556. What is j(184)?
-44
Let t(q) = -555*q - 542. Calculate t(-1).
13
Let s(w) = -w - 26. Calculate s(2).
-28
Let w(g) = -g**3 - 49*g**2 - 96*g + 3. Give w(-47).
97
Let y(i) = 35*i**2 + 386*i - 31. What is y(-11)?
-42
Let j(b) = -b**2 + 54*b - 727. What is j(29)?
-2
Let b(t) = 8*t**2 - 2*t + 21. Determine b(-3).
99
Let a(q) = 35*q + 139. Calculate a(-4).
-1
Let b(u) = 55*u - 24. What is b(-2)?
-134
Let j(r) = r**3 - 17*r**2 - 62*r + 15. Give j(20).
-25
Let n(t) = -5*t**3 + 1186*t**2 - 240*t + 715. What is n(237)?
4
Let y(c) = 96*c - 41. Calculate y(3).
247
Let b(z) = -94*z + 36475. Determine b(388).
3
Let y(c) = -c**2 + 48*c - 525. Give y(32).
-13
Let v(s) = -1398*s - 1394. Determine v(-1).
4
Let b(n) = -n**3 - 16*n**2 + 10*n + 31. Give b(-17).
150
Let t(u) = -11*u**3 + 6*u**2 - 9*u + 2. Give t(2).
-80
Let a(y) = 13*y**2 + 48*y - 2. What is a(-7)?
299
Let y(v) = 30*v + 353. Calculate y(-30).
-547
Let p(z) = 2*z**2 + 33*z - 124. Determine p(-26).
370
Let v(b) = 9*b**2 - 9*b + 33. What is v(3)?
87
Let b(y) = y**3 - 16*y**2 + 63*y + 5. Determine b(9).
5
Let k(l) = -l**3 - 17*l**2 + 2*l + 109. Calculate k(-16).
-179
Let w(i) = -i**3 - 51*i**2 + 217*i - 186. Determine w(-55).
-21
Let r(c) = -c**3 + 6*c**2 + 18*c + 23. Calculate r(9).
-58
Let q(n) = -2*n**3 - 831*n**2 + 1256*n + 2086. Determine q(-417).
1
Let b(a) = 6*a**3 + 128*a**2 + 37*a - 89. Give b(-21).
16
Let l(n) = -103*n + 1521. Determine l(11).
388
Let k(m) = -m**3 + 14*m**2 - 24*m + 93. Calculate k(11).
192
Let j(z) = -12*z**2 + 105*z - 204. Calculate j(6).
-6
Let g(b) = -9*b**2 + 14*b - 13. Calculate g(1).
-8
Let o(n) = -n**3 + 8*n**2 + 3*n + 7. Determine o(10).
-163
Let f(n) = 130*n + 16641. Give f(-128).
1
Let f(p) = 7*p**2 + 293*p - 524. Determine f(-44).
136
Let f(q) = -9*q + 621. Determine f(12).
513
Let y(j) = -38*j - 1560. Determine y(-41).
-2
Let p(b) = 113*b + 19. Determine p(1).
132
Let d(l) = 10*l - 189. Calculate d(27).
81
Let r(t) = -51*t**2 + 12557*t - 2702. Determine r(246).
4
Let j(o) = -464*o + 5110. What is j(11)?
6
Let f(i) = 298*i - 3608. Give f(13).
266
Let l(y) = -5*y + 31. Determine l(-8).
71
Let h(p) = 2*p**3 - 70*p**2 - 6*p + 54. Determine h(35).
-156
Let p(w) = -w**2 - 12*w - 1. Give p(-14).
-29
Let a(o) = -6*o**2 + 8*o + 62. Calculate a(4).
-2
Let o(k) = -2*k**3 + 13*k**2 + 48*k - 324. Give o(7).
-37
Let x(u) = u**3 + 9*u**2 + 2*u + 11. Give x(-3).
59
Let n(j) = 44*j - 452. Determine n(2).
-364
Let h(p) = -4*p**2 + 6*p + 42. What is h(-4)?
-46
Let s(h) = -h**3 + 39*h**2 + 81*h + 28. Give s(41).
-13
Let o(t) = -25*t - 1797. Give o(-72).
3
Let g(n) = -n**3 - 124*n**2 - 244*n + 1. Give g(-122).
1
Let p(i) = 3*i**2 - 7*i + 15. What is p(4)?
35
Let t(z) = -2*z**3 - 51*z**2 + 26*z + 207. Determine t(-26).
207
Let o(g) = g**2 - 27*g + 152. Determine o(16).
-24
Let i(q) = -q**3 - 2*q**2 + 95*q - 6. Determine i(-11).
38
Let y(x) = -447*x - 21006. Determine y(-47).
3
Let l(p) = p**3 - 3*p**2 - 1056*p + 4202. Calculate l(4).
-6
Let z(u) = u**3 + 34*u**2 - 29*u - 87. Determine z(-35).
-297
Let j(r) = -r**3 - 28*r**2 + 31*r + 57. Wha